2 + 2*j - 61. Calculate y(-8).
-13
Let h(m) = m**3 + 7*m**2 + 17*m + 70. Calculate h(-6).
4
Let v(u) = -u**3 - u**2 - 6*u - 9. Determine v(-2).
7
Let a(m) = m**2 + 23*m - 145. Determine a(-28).
-5
Let s(j) = j**3 + 3*j**2 - 57*j - 11. What is s(-9)?
16
Let p(f) = f**3 + 3*f**2 - 11*f - 2. Give p(-5).
3
Let b(u) = -u**2 + 13. Calculate b(-2).
9
Let g(s) = -2*s - 17. Calculate g(-8).
-1
Let n(p) = p**3 - 5*p**2 - p - 5. Determine n(6).
25
Let b(u) = 61*u - 228. Calculate b(4).
16
Let w(o) = 2*o**2 - 26*o - 26. Calculate w(18).
154
Let s(f) = f**3 + f**2 + 9*f - 13. Give s(2).
17
Let g(h) = -h**3 - 27*h**2 + 33*h + 58. What is g(-28)?
-82
Let f(p) = -p**2 - 7*p - 12. What is f(-4)?
0
Let k(w) = w**3 - 7*w**2 + 3*w + 2. What is k(6)?
-16
Let o(k) = -4*k - 9. Calculate o(-12).
39
Let p(o) = -o**2 + 17*o - 46. Calculate p(16).
-30
Let l(u) = 2*u**2 + 3*u. Calculate l(-5).
35
Let d(j) = -j - 4. What is d(3)?
-7
Let b(y) = -3*y**2 - 3*y - 1. Determine b(-3).
-19
Let y(k) = -27*k**3 - 3*k**2 + 5*k + 6. Determine y(-1).
25
Let a(f) = f**3 - f**2 + 45. Give a(0).
45
Let c(m) = m**2 + 12*m + 13. Calculate c(-11).
2
Let n(l) = -l**2 - 14*l - 36. What is n(-11)?
-3
Let u(d) = d**3 - 15*d**2 + 26*d + 3. Determine u(13).
3
Let a(p) = 7*p + 4. Calculate a(-1).
-3
Let s(l) = -2*l - 17. Give s(-8).
-1
Let n(t) = 27*t + 1. Give n(-1).
-26
Let r(t) = -t**2 + 27. Determine r(0).
27
Let s(p) = -33*p**3 - p**2. Calculate s(-1).
32
Let b(g) = g + 12. What is b(-6)?
6
Let r(k) = -3*k**2 + 13*k + 4. What is r(5)?
-6
Let p(a) = -a**2 - 22*a - 22. What is p(-22)?
-22
Let q(g) = g**2 + g - 6. What is q(-6)?
24
Let q(g) = 4*g**3 - 4*g**2 + 4*g - 3. What is q(2)?
21
Let j(n) = -2*n**2 + 4*n + 13. What is j(5)?
-17
Let m(a) = -a**3 - 24*a**2 - 24*a - 30. Give m(-23).
-7
Let c(v) = 9*v**2 + v - 4. Determine c(-2).
30
Let x(a) = -21*a - 43. Determine x(-1).
-22
Let k(r) = -r**2 - 7. Give k(0).
-7
Let b(l) = -7*l - 42. Give b(-11).
35
Let x(o) = 2*o**2 + 2*o - 12. Give x(-4).
12
Let h(u) = 6*u**2 + 78*u + 4. Determine h(-13).
4
Let v(b) = 57*b + 353. Calculate v(-6).
11
Let d(y) = -y + 11. Calculate d(11).
0
Let l(s) = 30*s - 101. What is l(4)?
19
Let i(a) = -4*a**2 - 4*a. Give i(-3).
-24
Let h(u) = u**2 - 17*u + 35. What is h(16)?
19
Let p(g) = 2*g - 51. Give p(23).
-5
Let x(w) = 8*w - 54. Give x(7).
2
Let a(f) = 3*f**2 - 14*f + 6. Give a(5).
11
Let g(q) = -q**2 + 2*q + 17. Calculate g(-5).
-18
Let w(r) = -146*r - 881. What is w(-6)?
-5
Let m(t) = -t**2 - 6*t + 11. What is m(-10)?
-29
Let t(k) = k**3 + 29*k**2 + 30*k + 65. What is t(-28)?
9
Let t(p) = 2*p**2 - 4*p - 6. Calculate t(3).
0
Let i(z) = -4*z**3 - z**2 + z - 2. What is i(0)?
-2
Let i(c) = c**3 - 19*c**2 + 34*c - 2. Determine i(17).
-2
Let l(o) = 3*o - 59. Give l(19).
-2
Let b(y) = 2*y**2 + 8*y + 2. Calculate b(-3).
-4
Let p(c) = 14*c + 57. What is p(-4)?
1
Let j(h) = h + 6. What is j(-19)?
-13
Let r(z) = z**3 - 15*z**2 - 17*z + 20. Determine r(16).
4
Let r(n) = -n**2 + 6*n + 29. What is r(-3)?
2
Let u(q) = -12*q**3 - q. Calculate u(1).
-13
Let s(p) = 6*p - 15. Give s(-4).
-39
Let k(c) = -c**2 + 10*c - 13. Give k(8).
3
Let x(t) = t**3 + 5*t**2 + 3*t + 2. Give x(-3).
11
Let k(i) = -3*i**2 + i. Give k(2).
-10
Let h(o) = o**3 - 8*o**2 + 3*o - 4. What is h(0)?
-4
Let m(a) = 72*a**2 - 1. What is m(1)?
71
Let f(p) = -5*p + 13. Give f(4).
-7
Let s(r) = 3*r + 4. Determine s(-13).
-35
Let m(o) = 8*o - 4. Calculate m(-2).
-20
Let n(d) = -37*d + 1768. Calculate n(48).
-8
Let h(y) = y**2 - 9*y - 4. Determine h(5).
-24
Let l(y) = y**3 - 10*y**2 + 5*y + 36. Calculate l(9).
0
Let o(f) = 21*f - 83. Give o(4).
1
Let y(l) = -l**3 + 8*l**2 + 12*l + 12. What is y(9)?
39
Let n(w) = -14*w + 319. Give n(23).
-3
Let c(x) = 4*x**2 - 101*x - 78. Determine c(26).
0
Let a(b) = 14*b - 68. What is a(3)?
-26
Let n(d) = -d**2 - 4*d + 20. What is n(-17)?
-201
Let y(h) = -h**2 - 21*h + 2. Calculate y(-6).
92
Let b(z) = 2*z**3 - 13*z**2 - 9*z. Determine b(7).
-14
Let r(q) = -q**2 + 32*q - 170. Calculate r(7).
5
Let x(r) = -2*r**3 - 18*r**2 - 16*r + 1. Calculate x(-8).
1
Let j(r) = -10*r + 1. Calculate j(-2).
21
Let t(o) = 7*o**2 - o - 1. Determine t(1).
5
Let a(p) = p**3 - 2*p**2 - 2*p - 1. What is a(3)?
2
Let f(o) = -3*o - 5. What is f(-5)?
10
Let u(m) = m - 2. What is u(-14)?
-16
Let j(c) = c**2 - 36*c - 198. What is j(41)?
7
Let l(x) = x**2 + 7*x - 6. Give l(-7).
-6
Let h(g) = -116*g - 1619. Give h(-14).
5
Let q(i) = -i**3 - 11*i**2 + 10*i + 17. Calculate q(-12).
41
Let v(j) = j**3 - 19*j**2 + 20*j - 27. Calculate v(18).
9
Let m(c) = c**3 - 12*c**2 + 11*c - 4. Calculate m(11).
-4
Let a(q) = -2*q**2 + 6*q + 5. What is a(-1)?
-3
Let o(w) = w**2 - 21*w - 79. Determine o(24).
-7
Let q(m) = m + 10. Give q(-10).
0
Let b(q) = q**2 - 2*q - 42. What is b(0)?
-42
Let j(f) = -5*f**2 + 9*f + 3. Determine j(3).
-15
Let h(n) = n**3 - 2*n**2 - 2*n. Calculate h(4).
24
Let z(n) = -5*n + 28. Give z(9).
-17
Let c(p) = 3*p + 11. Give c(-8).
-13
Let b(k) = k**3 - 6*k**2 - 6*k + 5. What is b(7)?
12
Let v(d) = -3*d**3 - 3*d**2 + 7*d + 5. Calculate v(-4).
121
Let f(a) = -5*a - 239. Determine f(-44).
-19
Let x(f) = -13*f + 19. Calculate x(4).
-33
Let z(o) = -64*o + 565. Give z(9).
-11
Let x(h) = -h**3 + 4*h**2 - h + 2. Calculate x(3).
8
Let m(f) = f**3 + 17*f**2 + 28*f - 20. Determine m(-15).
10
Let a(c) = -c**2 + 15*c + 118. What is a(21)?
-8
Let k(s) = -9*s + 3. Determine k(5).
-42
Let h(t) = t**2 + 6*t + 2. Calculate h(-5).
-3
Let r(l) = -l**2 + 9*l + 3. Determine r(10).
-7
Let p(j) = j**2 + 13*j + 28. Calculate p(-9).
-8
Let n(h) = h**2 + 2*h - 3. Determine n(-4).
5
Let m(v) = 6*v. Determine m(1).
6
Let j(g) = -g**3 - 25*g**2 - 4. What is j(-25)?
-4
Let b(x) = -6*x + 6. Calculate b(3).
-12
Let d(k) = -17*k - 5. Give d(0).
-5
Let v(j) = -11*j + 2. Determine v(12).
-130
Let j(d) = -d**3 + 9*d**2 + d - 12. Give j(8).
60
Let q(p) = -p**3 + 37*p**2 + 2*p - 80. Determine q(37).
-6
Let f(p) = p**3 + 11*p**2 - 16*p - 10. Determine f(-12).
38
Let v(n) = n**3 - 7*n**2 - n + 3. Give v(7).
-4
Let b(p) = -p**2 + 18*p - 4. Calculate b(16).
28
Let q(t) = 12*t**3 - 2*t**2 + 3*t + 5. Calculate q(-1).
-12
Let h(v) = -v - 27. What is h(-13)?
-14
Let v(l) = -l**3 + l**2 - 7*l - 21. Determine v(0).
-21
Let r(w) = 2*w + 1. Give r(5).
11
Let d(x) = x**3 + 5*x**2 + 6*x + 9. What is d(-4)?
1
Let t(a) = -a**2 + a + 40. Calculate t(-6).
-2
Let t(k) = -3*k**3 + 2*k**2 - k. Calculate t(2).
-18
Let s(t) = 11*t**3 + t**2 + 4*t - 4. Calculate s(2).
96
Let u(j) = -5*j - 96. Determine u(-18).
-6
Let w(g) = 2*g**2 - 14*g + 7. Give w(6).
-5
Let q(l) = -18*l + 6. Determine q(0).
6
Let w(u) = u**2 + u + 11. Calculate w(0).
11
Let u(l) = -l**2 - 20*l - 14. Give u(-19).
5
Let i(d) = d**3 + 8*d**2 - 3*d - 32. Calculate i(-8).
-8
Let j(x) = 45*x**2 + 5*x + 4. Determine j(-2).
174
Let q(w) = w**3 + 11*w**2 + 28*w + 13. Give q(-4).
13
Let j(a) = -5*a - 34. Give j(-6).
-4
Let i(z) = 10*z - 30. Give i(4).
10
Let u(z) = -13*z. Determine u(1).
-13
Let b(l) = -l**3 + 8*l**2 - 7*l - 7. Give b(7).
-7
Let t(q) = q**2 - 2*q - 26. Give t(9).
37
Let c(o) = o**3 + 6*o**2 + 2*o - 6. Calculate c(-5).
9
Let u(v) = -v**3 + v**2 - v + 10. Give u(0).
10
Let k(r) = r**2 - 89*r + 423. Give k(5).
3
Let l(g) = g**3 + g**2. Give l(1).
2
Let r(q) = -q**3 + 19*q**2 + 1. Determine r(19).
1
Let b(g) = 12*g + 390. Give b(-32).
6
Let p(g) = g**3 + 3*g**2 - 5*g + 12. Determine p(4).
104
Let l(w) = -4*w**3 + 36*w**2 + w - 14. What is l(9)?
-5
Let v(o) = -216*o + 1733. Calculate v(8).
5
Let d(y) = -y**2 - 2*y. What is d(4)?
-24
Let x(a) = a**3 - 7*a**2 - 2*a + 9. Give x(6).
-39
Let g(x) = x**3 - 10*x**2 + 2*x - 10. Calculate g(10).
10
Let z(l) = -19*l - 4. Give z(-3).
53
Let g(r) = r**3 - 8*r**2 + 15*r + 5. Determine g(3).
5
Let s(x) = -x**3 - 2*x**2 + 2*x + 21. Calculate s(0).
21
Let x(j) = -5*j - 36. What is x(7)?
-71
Let n(h) = 22*h - 117. Determine n(8).
59
Let n(w) = w**3 + 12*w**2 - 13*w - 16. What is n(-13)?
-16
Let g(p) = 12*p - 9. Determine g(-10).
-129
Let k(b) = -b**2 + 8*b - 6. Give k(8).
-6
Let a(w) = w**2 + 2*w - 5. What is a(3)?
10
Let w(l) = -20*l + 10. Give w(-6).
130
Let d(b) = -10*b + 33. Determine d(6).
-27
Let q(s) = -2*s**2 + 2*s - 21. Give q(0).
-21
Let l(t) = -2*t**3 - 3*t**2 + t - 1. Give l(-2).
1
Let o(q) = q**3 - 